{"id":11,"date":"2025-05-16T17:16:11","date_gmt":"2025-05-16T15:16:11","guid":{"rendered":"http:\/\/stadt-leipzig.htwk-leipzig.de\/zentrum-ost\/?page_id=11"},"modified":"2025-06-30T14:33:32","modified_gmt":"2025-06-30T12:33:32","slug":"startseite","status":"publish","type":"page","link":"https:\/\/stadt-leipzig.htwk-leipzig.de\/zentrum-ost\/","title":{"rendered":"Startseite"},"content":{"rendered":"\n<div class=\"wp-block-stackable-columns stk-block-columns stk-block stk-9139a5b\" data-block-id=\"9139a5b\"><div class=\"stk-row stk-inner-blocks stk-block-content stk-content-align stk-9139a5b-column\">\n<div class=\"wp-block-stackable-column stk-block-column stk-column stk-block stk-2d3a319\" data-v=\"4\" data-block-id=\"2d3a319\"><style>@media screen and (min-width:690px){.stk-2d3a319 {flex:var(--stk-flex-grow, 1) 1 66.7% !important;}}<\/style><div class=\"stk-column-wrapper stk-block-column__content stk-container stk-2d3a319-container stk--no-background stk--no-padding\"><div class=\"stk-block-content stk-inner-blocks stk-2d3a319-inner-blocks\">\n<p>Zentrum-Ost z\u00e4hlt zu den Stadtteilen Leipzigs, deren Wandel eng mit der Geschichte der Stadt verkn\u00fcpft ist. Wo sich einst G\u00e4rten und gro\u00dfz\u00fcgige Villen der wohlhabenden Schicht befanden, siedelten sich ab dem 19. Jahrhundert bedeutende Verlage und Betriebe des Buchgewerbes an. Mit dem Aufschwung des grafischen Viertels entwickelte sich das Gebiet zu einem der wichtigsten Standorte f\u00fcr Druck und Literatur in Deutschland.<br><br>Die Spuren dieser Zeit sind noch immer sichtbar, in ehemaligen Verlagsgeb\u00e4uden, in der gr\u00fcnderzeitlichen Architektur und in Stra\u00dfenz\u00fcgen, die ihre Struktur weitgehend erhalten haben. Zugleich wurde das Viertel im Laufe des 20. Jahrhunderts stark ver\u00e4ndert sei es durch Kriegssch\u00e4den, Neubauten der DDR-Zeit, Sanierungen nach der Wende oder neue st\u00e4dtebauliche Entwicklungen.<br><br>Zentrum-Ost pr\u00e4sentiert sich heute als ein vielf\u00e4ltig gepr\u00e4gter Stadtteil. Historische Geb\u00e4ude, zum Teil aus der Gr\u00fcnderzeit, stehen neben moderner Wohnarchitektur und zeugen von den unterschiedlichen Entwicklungsphasen des Viertels. Die zentrale Lage sowie die N\u00e4he zum Hauptbahnhof machen das Gebiet weiterhin zu einem wichtigen innerst\u00e4dtischen Raum, der sich zwischen historischer Substanz und gegenw\u00e4rtigen Ver\u00e4nderungen stetig weiterentwickelt.<br><br>Diese Webseite soll eine kleine \u00dcbersicht \u00fcber die generelle Geschichte, den Charakter und die heutige Nutzung von Leipzig Zentrum-Ost geben. Sie fasst zentrale Entwicklungen zusammen, zeigt pr\u00e4gende Bauwerke und Orte und ordnet diese in ihren historischen und st\u00e4dtebaulichen Kontext ein. Auch eine interaktive Karte gibt eine direkte Einsicht zu Sehensw\u00fcrdigkeiten des Stadtteils. Gleichzeitig soll dazu eingeladen werden, sich bei angeregtem Interesse weiter zu informieren und eigene Eindr\u00fccke vor Ort zu sammeln.<\/p>\n<\/div><\/div><\/div>\n\n\n\n<div class=\"wp-block-stackable-column stk-block-column stk-column stk-block stk-f782c18\" data-v=\"4\" data-block-id=\"f782c18\"><style>@media screen and (min-width:690px){.stk-f782c18 {flex:var(--stk-flex-grow, 1) 1 33.3% !important;}}<\/style><div class=\"stk-column-wrapper stk-block-column__content stk-container stk-f782c18-container stk--no-background stk--no-padding\"><div class=\"stk-block-content stk-inner-blocks stk-f782c18-inner-blocks\">\n<div class=\"wp-block-stackable-video-popup stk-block-video-popup stk-block stk-50ce2ff\" data-video=\"http:\/\/stadt-leipzig.htwk-leipzig.de\/zentrum-ost\/wp-content\/uploads\/2025\/06\/ZentrumOst.mp4\" data-block-id=\"50ce2ff\"><style>.stk-50ce2ff {margin-bottom:0px !important;}<\/style><div class=\"stk-block-video-popup__overlay stk-row stk-inner-blocks stk-block-content stk-hover-parent\" aria-label=\"Play Video\" tabindex=\"0\" role=\"button\">\n<div class=\"wp-block-stackable-icon stk-block-icon has-text-align-center stk-block stk-3be0d35\" data-block-id=\"3be0d35\"><span class=\"stk--svg-wrapper\"><div class=\"stk--inner-svg\"><svg style=\"height:0;width:0\"><defs><linearGradient id=\"linear-gradient-3be0d35\" x1=\"0\" x2=\"100%\" y1=\"0\" y2=\"0\"><stop offset=\"0%\" style=\"stop-opacity:1;stop-color:var(--linear-gradient-3-be-0-d-35-color-1)\"><\/stop><stop offset=\"100%\" style=\"stop-opacity:1;stop-color:var(--linear-gradient-3-be-0-d-35-color-2)\"><\/stop><\/linearGradient><\/defs><\/svg><svg data-prefix=\"fas\" data-icon=\"play\" class=\"svg-inline--fa fa-play fa-w-14\" xmlns=\"http:\/\/www.w3.org\/2000\/svg\" viewBox=\"0 0 448 512\" aria-hidden=\"true\" width=\"32\" height=\"32\"><path fill=\"currentColor\" d=\"M424.4 214.7L72.4 6.6C43.8-10.3 0 6.1 0 47.9V464c0 37.5 40.7 60.1 72.4 41.3l352-208c31.4-18.5 31.5-64.1 0-82.6z\"><\/path><\/svg><\/div><\/span><\/div>\n\n\n\n<div class=\"wp-block-stackable-image stk-block-image stk-block stk-bad45e4\" data-block-id=\"bad45e4\"><figure><span class=\"stk-img-wrapper stk-image--shape-stretch\"><img loading=\"lazy\" decoding=\"async\" class=\"stk-img wp-image-324\" src=\"http:\/\/stadt-leipzig.htwk-leipzig.de\/zentrum-ost\/wp-content\/uploads\/2025\/06\/Bildschirmfoto-2025-06-26-um-18.48.22-scaled.png\" width=\"2560\" height=\"1440\" srcset=\"https:\/\/stadt-leipzig.htwk-leipzig.de\/zentrum-ost\/wp-content\/uploads\/2025\/06\/Bildschirmfoto-2025-06-26-um-18.48.22-scaled.png 2560w, https:\/\/stadt-leipzig.htwk-leipzig.de\/zentrum-ost\/wp-content\/uploads\/2025\/06\/Bildschirmfoto-2025-06-26-um-18.48.22-300x169.png 300w, https:\/\/stadt-leipzig.htwk-leipzig.de\/zentrum-ost\/wp-content\/uploads\/2025\/06\/Bildschirmfoto-2025-06-26-um-18.48.22-1024x576.png 1024w, https:\/\/stadt-leipzig.htwk-leipzig.de\/zentrum-ost\/wp-content\/uploads\/2025\/06\/Bildschirmfoto-2025-06-26-um-18.48.22-768x432.png 768w, https:\/\/stadt-leipzig.htwk-leipzig.de\/zentrum-ost\/wp-content\/uploads\/2025\/06\/Bildschirmfoto-2025-06-26-um-18.48.22-1536x864.png 1536w, https:\/\/stadt-leipzig.htwk-leipzig.de\/zentrum-ost\/wp-content\/uploads\/2025\/06\/Bildschirmfoto-2025-06-26-um-18.48.22-2048x1152.png 2048w\" sizes=\"auto, (max-width: 2560px) 100vw, 2560px\" \/><\/span><\/figure><\/div>\n<\/div><\/div>\n\n\n\n<div class=\"wp-block-stackable-text stk-block-text stk-block stk-cc6dec4\" data-block-id=\"cc6dec4\"><style>.stk-cc6dec4 .stk-block-text__text{font-size:10px !important;}@media screen and (max-width:999px){.stk-cc6dec4 .stk-block-text__text{font-size:10px !important;}}<\/style><p class=\"stk-block-text__text has-text-align-center\">StadtAL, 0563 (Fotosammlung), Nr. 43.<\/p><\/div>\n\n\n\n<div class=\"wp-block-stackable-image stk-block-image stk-block stk-3ccdbeb\" data-block-id=\"3ccdbeb\"><figure><span class=\"stk-img-wrapper stk-image--shape-stretch stk--has-lightbox\"><img loading=\"lazy\" decoding=\"async\" class=\"stk-img wp-image-63\" src=\"http:\/\/stadt-leipzig.htwk-leipzig.de\/zentrum-ost\/wp-content\/uploads\/2025\/06\/AltePost-scaled.jpg\" width=\"2560\" height=\"1707\" alt=\"Alte Post damals\/heute\" srcset=\"https:\/\/stadt-leipzig.htwk-leipzig.de\/zentrum-ost\/wp-content\/uploads\/2025\/06\/AltePost-scaled.jpg 2560w, https:\/\/stadt-leipzig.htwk-leipzig.de\/zentrum-ost\/wp-content\/uploads\/2025\/06\/AltePost-300x200.jpg 300w, https:\/\/stadt-leipzig.htwk-leipzig.de\/zentrum-ost\/wp-content\/uploads\/2025\/06\/AltePost-1024x683.jpg 1024w, https:\/\/stadt-leipzig.htwk-leipzig.de\/zentrum-ost\/wp-content\/uploads\/2025\/06\/AltePost-768x512.jpg 768w, https:\/\/stadt-leipzig.htwk-leipzig.de\/zentrum-ost\/wp-content\/uploads\/2025\/06\/AltePost-1536x1024.jpg 1536w, https:\/\/stadt-leipzig.htwk-leipzig.de\/zentrum-ost\/wp-content\/uploads\/2025\/06\/AltePost-2048x1366.jpg 2048w\" sizes=\"auto, (max-width: 2560px) 100vw, 2560px\" \/><\/span><\/figure><\/div>\n\n\n\n<div class=\"wp-block-stackable-image stk-block-image stk-block stk-adb618b\" data-block-id=\"adb618b\"><figure><span class=\"stk-img-wrapper stk-image--shape-stretch stk--has-lightbox\"><img loading=\"lazy\" decoding=\"async\" class=\"stk-img wp-image-64\" src=\"http:\/\/stadt-leipzig.htwk-leipzig.de\/zentrum-ost\/wp-content\/uploads\/2025\/06\/Hauptbahnhofshalle-scaled.jpg\" width=\"2560\" height=\"1707\" alt=\"Halle vom Hauptbahnhof damals\/heute\" srcset=\"https:\/\/stadt-leipzig.htwk-leipzig.de\/zentrum-ost\/wp-content\/uploads\/2025\/06\/Hauptbahnhofshalle-scaled.jpg 2560w, https:\/\/stadt-leipzig.htwk-leipzig.de\/zentrum-ost\/wp-content\/uploads\/2025\/06\/Hauptbahnhofshalle-300x200.jpg 300w, https:\/\/stadt-leipzig.htwk-leipzig.de\/zentrum-ost\/wp-content\/uploads\/2025\/06\/Hauptbahnhofshalle-1024x683.jpg 1024w, https:\/\/stadt-leipzig.htwk-leipzig.de\/zentrum-ost\/wp-content\/uploads\/2025\/06\/Hauptbahnhofshalle-768x512.jpg 768w, https:\/\/stadt-leipzig.htwk-leipzig.de\/zentrum-ost\/wp-content\/uploads\/2025\/06\/Hauptbahnhofshalle-1536x1024.jpg 1536w, https:\/\/stadt-leipzig.htwk-leipzig.de\/zentrum-ost\/wp-content\/uploads\/2025\/06\/Hauptbahnhofshalle-2048x1366.jpg 2048w\" sizes=\"auto, (max-width: 2560px) 100vw, 2560px\" \/><\/span><\/figure><\/div>\n<\/div><\/div><\/div>\n<\/div><\/div>\n\n\n\n<div class=\"wp-block-group is-layout-constrained wp-block-group-is-layout-constrained\">\n<!-- Lokaler Pfad: funktioniert nur in XAMPP -->\n<iframe \n  src=\"\/zentrum-ost\/wp-content\/uploads\/leafletkarte\/index.html?v=2\" \n  width=\"100%\" \n  height=\"600\" \n  style=\"border:0;\" \n  loading=\"lazy\">\n<\/iframe>\n\n<!-- Beim Export auf Server \u00e4ndern zu:\n<iframe src=\"\/wp-content\/uploads\/leafletkarte\/index.html\" ... > -->\n<\/div>\n\n\n\n<p><\/p>\n","protected":false},"excerpt":{"rendered":"<p>Zentrum-Ost z\u00e4hlt zu den Stadtteilen Leipzigs, deren Wandel eng mit der Geschichte der Stadt verkn\u00fcpft ist. Wo sich einst G\u00e4rten und gro\u00dfz\u00fcgige Villen der wohlhabenden Schicht befanden, siedelten sich ab dem 19. Jahrhundert bedeutende Verlage und Betriebe des Buchgewerbes an. Mit dem Aufschwung des grafischen Viertels entwickelte sich das Gebiet zu einem der wichtigsten Standorte [&hellip;]<\/p>\n","protected":false},"author":1,"featured_media":0,"parent":0,"menu_order":0,"comment_status":"closed","ping_status":"closed","template":"","meta":{"footnotes":""},"class_list":["post-11","page","type-page","status-publish","hentry"],"blocksy_meta":[],"_links":{"self":[{"href":"https:\/\/stadt-leipzig.htwk-leipzig.de\/zentrum-ost\/index.php?rest_route=\/wp\/v2\/pages\/11","targetHints":{"allow":["GET"]}}],"collection":[{"href":"https:\/\/stadt-leipzig.htwk-leipzig.de\/zentrum-ost\/index.php?rest_route=\/wp\/v2\/pages"}],"about":[{"href":"https:\/\/stadt-leipzig.htwk-leipzig.de\/zentrum-ost\/index.php?rest_route=\/wp\/v2\/types\/page"}],"author":[{"embeddable":true,"href":"https:\/\/stadt-leipzig.htwk-leipzig.de\/zentrum-ost\/index.php?rest_route=\/wp\/v2\/users\/1"}],"replies":[{"embeddable":true,"href":"https:\/\/stadt-leipzig.htwk-leipzig.de\/zentrum-ost\/index.php?rest_route=%2Fwp%2Fv2%2Fcomments&post=11"}],"version-history":[{"count":14,"href":"https:\/\/stadt-leipzig.htwk-leipzig.de\/zentrum-ost\/index.php?rest_route=\/wp\/v2\/pages\/11\/revisions"}],"predecessor-version":[{"id":335,"href":"https:\/\/stadt-leipzig.htwk-leipzig.de\/zentrum-ost\/index.php?rest_route=\/wp\/v2\/pages\/11\/revisions\/335"}],"wp:attachment":[{"href":"https:\/\/stadt-leipzig.htwk-leipzig.de\/zentrum-ost\/index.php?rest_route=%2Fwp%2Fv2%2Fmedia&parent=11"}],"curies":[{"name":"wp","href":"https:\/\/api.w.org\/{rel}","templated":true}]}}